 Calculate p(q).
-10
Let m(n) be the second derivative of n**5/20 - 3*n**4/4 + 4*n**3/3 - 6*n**2 + 9*n. What is m(8)?
-12
Let l(w) = 14*w - 15*w + 10*w**2 - 5*w**2. What is l(-1)?
6
Let g(w) = w - 2. Let a(b) = b**3 + 7*b**2 + 5*b - 3. Let s be a(-6). Suppose s*o + o + 12 = 0. What is g(o)?
-5
Let x(b) be the third derivative of 0*b - 1/6*b**3 + 0*b**4 + 0 + 1/60*b**5 - 3*b**2 + 1/24*b**6. What is x(-1)?
-5
Suppose 0 = 3*l + 3 - 0. Let n(b) = -2*b - 1. Let z be n(-3). Let y(u) = u + 0 - 2 + 1 - 3*u - z*u**2. Give y(l).
-4
Let z(m) = -2*m**3 - m**2 + 2*m + 1. Let b(y) = -5*y**3 - 4*y**2 + 6*y + 3. Let x(p) = -3*b(p) + 8*z(p). Suppose -3*l - 8 = -7*l. Calculate x(l).
3
Let p(c) be the third derivative of -c**6/120 + 7*c**5/60 - 7*c**4/24 + 4*c**3/3 + 29*c**2. What is p(6)?
2
Let z(q) be the first derivative of -q**2/2 - q + 8. Calculate z(4).
-5
Suppose 2 = -4*h + 22. Let m(f) = -2*f + 1. Calculate m(h).
-9
Let s(t) = 2 - t**3 + t - 6 - 7*t**2 + 7*t**2. Suppose 0 = 9*j - 0 - 0. Calculate s(j).
-4
Suppose -l + 6*l - 25 = 0. Let s = 5 - l. Let b(m) = 5*m + 1. Let a(v) = -4*v. Let y(c) = -6*a(c) - 5*b(c). What is y(s)?
-5
Let a = 7 + -6. Let w(q) = 1 + 5 - q - a. What is w(3)?
2
Let y be (-18)/30 + 6/10. Let u(j) = j**3 + j**2 + j + 3. Calculate u(y).
3
Suppose d - 6*d = 2*v - 6, -12 = -5*d - 4*v. Suppose d = -2*p - p - 15. Let u(z) be the first derivative of z**2/2 + 5*z + 28. Determine u(p).
0
Let c(p) = -14*p**2 + p. Let d(y) = -y**2 + 8*y - 14. Let g be d(5). What is c(g)?
-13
Let a(v) = -2*v - 1. Let f(b) = -4*b - 3. Let y(m) = -10*a(m) + 4*f(m). Suppose -3*i + 4*x + 9 - 40 = 0, -2*x = 2*i + 2. Let h = 8 + i. Give y(h).
10
Let o(x) be the second derivative of -x**7/840 - x**6/180 + x**4/24 - 5*x**3/6 - x. Let c(d) be the second derivative of o(d). What is c(-2)?
1
Suppose -5*d = -6 + 21. Let c(m) = -m**3 - 4*m**2 - m. Let w be c(d). Let t(l) = -l + 4. Give t(w).
10
Let t(l) = -4*l - 2*l - 2 + 7*l. Let x(o) = -o**2 + 14. Let r be x(0). Let z = r - 10. Calculate t(z).
2
Let g(l) = -3*l - 1. Let b(a) = -a. Let p = 9 - -3. Let v = p + -8. Let k(n) = v*b(n) - g(n). Determine k(-6).
7
Let f(b) be the second derivative of -3*b**2 + 0 + 2*b + 2/3*b**3 - 1/12*b**4. What is f(4)?
-6
Let m be (3 - 0 - 0)/(-1). Let x(v) = -11*v**2 + 2*v + 4. Let t(o) = -12*o**2 + 3*o + 5. Let l(u) = m*t(u) + 4*x(u). What is l(1)?
-8
Let r(z) = -4*z**2 - z. Let x be r(-1). Let h(y) = -y - 3. Let m be h(x). Let t(f) = m*f**2 - f**2 + 0*f**2 - 4*f - 3 + 4. Determine t(-4).
1
Let i(m) = -2*m**2 + 7*m - 6. Let v be i(4). Let k = v + 6. Let g(h) = 2*h + 3. Let q(p) = p + 1. Let b(d) = 3*g(d) - 5*q(d). Determine b(k).
0
Let r(t) = -t**2 - 5*t - 6. Let n be r(-5). Let c(k) = 8*k + 12*k - 28*k + 9*k. Calculate c(n).
-6
Let f(i) = 2*i**2 - i + 7. Let s(a) = -5*a**2 + 3*a - 20. Let d be (2/3)/(4/(-18)). Let m(z) = d*s(z) - 8*f(z). Determine m(-3).
-2
Let t(d) = 4*d**2 - 6*d - 2*d**2 + 4*d. Give t(-2).
12
Let j(b) = b**3 - 4*b**2 + b - 4. Suppose 5*d - 16 = d. Suppose d*u = 3*y - 32, -6*u = -3*u + 15. Determine j(y).
0
Suppose -2*x + 4*x - 32 = 0. Let c = x + -11. Let f(a) be the first derivative of -a**4/4 + 2*a**3 - 3*a**2/2 - a - 51. Give f(c).
9
Let o(j) = -j + 4. Let s(g) = -g + 5. Let d(y) = -5*o(y) + 4*s(y). Give d(6).
6
Let o(p) = p + 1. Suppose -4*d - 11 = 1. Give o(d).
-2
Let n be (-1)/(13/6 - 2). Let q(s) = -s**2 - 10*s - 8. Let j be q(-9). Let y = j + n. Let c(f) = -f + 1. Calculate c(y).
6
Let y(q) = -2*q - 5. Suppose 0 = -2*g - 2*d - 4, -2*g = -5*g - 5*d + 2. Give y(g).
7
Let q = 0 - -2. Suppose -q*z - 5*b = 23, -3*z - 4 = -2*z + b. Let h(l) = -7*l - 2. Let g(k) = 14*k + 5. Let m(u) = 3*g(u) + 7*h(u). What is m(z)?
-6
Let n(t) = t**3 + 6*t**2 + 6*t + 5. Let s(c) = c**2 + 15. Suppose j - 6*j = 0. Let f be s(j). Let d be (-28)/6 + (-5)/f. Give n(d).
0
Let l(s) = -15*s**3 - 5*s**2 - 2*s + 3. Let j(u) = -30*u**3 - 11*u**2 - 4*u + 7. Let h(k) = 4*j(k) - 9*l(k). Give h(-1).
-15
Suppose -i + 9 = 3*j, 0 = i - 2*i - j + 1. Let y be -2 - -5 - 1/1. Let k(n) = -n**3 - 6*n**y - n - 2 - 2 + 4*n**2. Determine k(i).
8
Let m(y) = -y**3 - 5*y**2 + 2. Let v = -1 + -2. Let w be v/(-15) + (-26)/5. Let n be m(w). Let d(h) = 3*h. Give d(n).
6
Let i be 0 + 0 + -2 + 1. Let q(a) be the third derivative of a**5/24 + a**4/24 - a**3 + 3*a**2. Let d(b) be the first derivative of q(b). Determine d(i).
-4
Let h(g) = 8*g. Let b(q) = -7*q + 1. Let l(z) = 7*b(z) + 6*h(z). Determine l(5).
2
Let u(z) be the first derivative of -z**4 + z**3/3 + 3*z**2/2 + 2*z - 56. Calculate u(-1).
4
Let z(t) be the first derivative of -1/4*t**4 + 5 - 5/3*t**3 + 1/2*t**2 + 0*t. Let k = -17 + 12. What is z(k)?
-5
Let x = 180 - 176. Let z(w) be the third derivative of 7/6*w**3 - 1/12*w**x + 0*w - 2*w**2 + 0. Give z(6).
-5
Let t(k) be the first derivative of -k**2/2 - 7*k - 3. Calculate t(-6).
-1
Let j(s) = -2*s - 1. Let m be j(1). Let w(l) = -3*l. Let v be w(-9). Let z(f) = 4 + f**3 + 2*f**2 - 27*f + v*f. Give z(m).
-5
Let o(u) = u**2 + u. Let t(y) = 5*y**2 + 9*y - 6. Let k(d) = 4*o(d) - t(d). Determine k(-5).
6
Let q(u) = u + 10. Let k(f) = -f - 9. Let y(l) = 6*k(l) + 5*q(l). Determine y(-2).
-2
Let h = -1 + 7. Let o(x) = 3*x + x + h*x. Determine o(-1).
-10
Let v(i) be the third derivative of 0 + 1/20*i**5 + 2/3*i**3 + 0*i - 1/120*i**6 - 1/12*i**4 - 4*i**2. What is v(3)?
-2
Suppose 3 = 3*h - 18. Let n = -4 + h. Suppose -3*p + z = 6, -5 = 4*p - z + n. Let q(b) = b**3 + 3*b**2 + 2*b - 1. Give q(p).
-1
Let q(y) = -y**3 + 8*y**2 - 9*y + 9. Suppose -9 - 12 = -3*n. Let p be q(n). Let o(a) = a**3 + 3*a**2 - 7*a + 2. Give o(p).
-13
Let r(t) be the third derivative of -4*t**2 + 0*t - 1/30*t**5 - 1/2*t**3 + 0 + 1/12*t**4. Suppose -3*v - 1 + 7 = 0. Calculate r(v).
-7
Let t be 2/(-9) + (-64)/36. Let k be (t/3*-3)/1. Let m(n) = 2*n**2 - 2. Calculate m(k).
6
Let f(w) be the first derivative of -w**2 + 1/4*w**4 + 2*w**3 - 7*w - 3. What is f(-6)?
5
Suppose 4*g - i + 28 = 2*i, 5*g + 4*i = -4. Let a(j) = j**3 + 6*j**2 + 6*j + 1. Give a(g).
9
Let w(s) = -2*s**3 + 2*s**2 - 2*s + 3. Let c = -4 + 7. Suppose -7*v + 8 = -c*v. Give w(v).
-9
Let b(k) be the second derivative of k**3/6 - 3*k**2/2 - 9*k. Determine b(8).
5
Suppose 5 = -5*n + 10. Let i(h) = -5*h + n + 2*h + 4*h + 2*h**2. Calculate i(-2).
7
Suppose 5*v + 0*g + 2*g = 5, 3 = 3*v + 4*g. Let f(j) = -5 + 3*j - v + j**2 + 0*j + 0. Give f(-5).
4
Let r(t) = -5*t**2 - 17*t - 4. Let o(c) = -14*c**2 - 48*c - 11. Let h(d) = -4*o(d) + 11*r(d). Suppose 0 = -4*k - 0*k - 16. Give h(k).
-4
Let p(v) = v**3 + v**2 + v + 3. Let d(g) = -g**3 + 14*g**2 + g - 14. Let h be d(14). What is p(h)?
3
Let a = -3 + 5. Suppose -2*l + 4*l - 16 = -a*x, 4*l - 2*x - 14 = 0. Let z(d) = 3*d**2 + d**2 - 4 - 6*d - l*d**2. Give z(-6).
-4
Let h(v) = 2 - 2*v**3 + 2*v - 6*v**2 + 4*v + 3*v**3. Let z = -33 + 49. Let l = z - 11. Give h(l).
7
Let j(l) = -l - 5*l - 3*l**3 + 3 - 6*l**2 + 2*l**3. Suppose 3*n - 9 - 3 = 0. Suppose 0 = 3*z + n + 11. Determine j(z).
8
Let t(x) = x**2 + 3*x + 3. Suppose 2*m + 11 = -5*k, m + m = -2*k - 8. Determine t(m).
3
Let w(z) = 1 + 0 + 203*z + 2 - 207*z. Determine w(3).
-9
Let v be ((-6)/7)/(3/21). Let q(s) = s - 8. Give q(v).
-14
Let x(u) = -u**3 - 7*u**2 - 7*u - 8. Let k(n) = -n**2 + 5*n - 6. Let h be k(6). Let g = h - -6. What is x(g)?
-2
Let u = 66 + -38. Suppose 4*p = h - 2*h + 109, h = -p + u. Suppose 2 - p = -5*s. Let g(f) = f**3 - 5*f**2 + 2*f - 7. Give g(s).
3
Let h(r) = r**3 + r**2 - r - 8. Let k(s) = -s**3 + 11*s**2 + 12*s + 2. Let g be k(12). Let f be -2 - g*(3 + -4). Determine h(f).
-8
Suppose -7*n - 42 = -0. Let q(m) = m**3 + 7*m**2 + 5*m. Calculate q(n).
6
Let l(z) = z**2 - 2*z. Let c = 31 + -28. Give l(c).
3
Let y(f) = -4*f**2 + 12*f + 4. Let g(j) = -3*j**2 + 11*j + 4. Let q(o) = 5*g(o) - 4*y(o). Give q(-7).
4
Suppose 372*t - 369*t - 15 = 0. Let l(r) = r**2 - 6*r + 4. Calculate l(t).
-1
Let p(c) = -c**2 + c. Let n(m) = -m - 11. Let y be n(-7). Let j be y/8*-6 - 3. Give p(j).
0
Let n(j) be the third derivative of j**4/24 - j**3/2 + 4*j**2. Let a be ((-2)/(-6))/(2/18). Give n(a).
0
Let a(f) = -f**2 + 5*f - 2. Let x(y) = 2*y - 2. Let g be x(3). What is a(g)?
2
Let q(m) = -8*m**2 - 6*m - 6. Let k(p) = -17*p**2 - 13*p - 13. Let y(j) = -6*k(j) + 13*q(j). Let u be 1/(1/(-1))*-1. Give y(u).
-